40. Let g = q + m. Let c(f) = f**3 + 3*f**2 - 4*f + 2. Determine c(g).
2
Let r(q) be the second derivative of -q**3/2 - q**2 + 6*q. Let h be (-84)/3*(-10)/(-8). Let m be (-42)/10 - 7/h. Give r(m).
10
Let t(j) = 5*j**2 + j. Let z = -33 - -47. Let p = -3 - -5. Suppose -k - p*d - 4 = 5, -k - 3*d = z. Calculate t(k).
6
Let c(w) = -w**2 + 4*w + 1. Suppose 0 = 2*i + t - 3*t + 6, -3*i = -5*t + 15. Suppose 3*k + 0*k + 31 = 5*y, i = -5*y + 4*k + 33. Determine c(y).
-4
Let k(v) be the third derivative of -v**4/3 - v**2 + 78. Let t be ((-24)/(-32))/(2/8). What is k(t)?
-24
Suppose -6 - 14 = -5*i. Let p(z) = 0*z**2 + 2 - 9*z + 6*z**2 + z**3 - i. Determine p(-7).
12
Let c(k) = k**2 - 4*k + 2. Suppose 3 + 3 = 2*a. Suppose 12 = a*p, -17 = q - 4*p - 0*p. Let j be 4 + q - 2/(-2). Determine c(j).
2
Let w(a) = a**2 - 5*a + 2. Let t(l) = l**2 - 4*l + 1. Let q(o) = -2*t(o) + 3*w(o). Determine q(7).
4
Let c(h) = 3*h - 1. Suppose -5*w = 2*n - 12, -5*w + n + 11 = 2*n. Let b(l) = l - 5. Let m be b(w). What is c(m)?
-10
Let t(l) = -4 - 16528*l + 8260*l + 8269*l. Let z = 1 - 2. Let b be z/2 + (-5)/2. Calculate t(b).
-7
Let j(n) = 3*n + 3. Let q(x) = -2*x - 2. Let r(c) = -3*j(c) - 4*q(c). Suppose -8*k + 5*k = -9. Suppose -s - 13 = -2*z, -k*z = -2*z - s - 9. Give r(z).
-5
Let l(c) = -7*c + 3. Let j(d) = -20*d + 9. Let n(w) = 3*j(w) - 8*l(w). Suppose 4*q + 5 = 13. Determine n(q).
-5
Let c be 10*18/60 + (-2)/2. Let v(l) = 4*l**2 - 4*l + 3. Calculate v(c).
11
Let q(r) = 27*r - 24*r - 2*r**2 + 7*r**2 + 2*r**2 + 2 + 3*r**2. Calculate q(-2).
36
Let d(q) = 4 + q + 2 + 0 - 2*q. Let r be d(6). Let g(h) = h**2 + h + 6. Give g(r).
6
Let h(l) = -13*l**2 - 20*l - 61. Let i(a) = 11*a**2 + 19*a + 60. Let o(d) = 5*h(d) + 6*i(d). Calculate o(-7).
6
Let x(c) = c**3 - 2*c**2 + 3*c - 2. Suppose 3*b - 36 + 1 = 2*a, -4*a - 3*b - 43 = 0. Let v = a - -15. Give x(v).
4
Let x = -4 - -6. Let d(g) = -22*g**2 + 3 + 2 + 9*g + 23*g**x - 2*g. What is d(-5)?
-5
Let l(w) be the second derivative of -w**5/20 + 2*w**4/3 + w**3/6 + w**2 + 2*w - 31. What is l(8)?
10
Let g(l) be the second derivative of l**5/10 - l**4/6 - l**3/6 - 3*l**2/2 - 11*l. Let i(r) = r**3 - 3*r**2 - r - 2. Let c(p) = 2*g(p) - 3*i(p). What is c(-5)?
-5
Let i(c) = -7*c**3 - 4*c**2 - 3*c + 6. Let s be i(1). Let b(u) = u**2 + 7*u + 9. Give b(s).
17
Let u(a) = -3*a**2 + 27*a - 54. Let j(d) = 2*d**2 - 13*d + 29. Let s(y) = 5*j(y) + 3*u(y). What is s(-16)?
-17
Let j(r) = r**3 + 6*r**2 + 4*r + 2. Let a be j(-5). Let p(d) = 10*d**3 + 2*d - a*d**3 + 0 - 1 + 4*d**3. Calculate p(1).
8
Suppose -7*h + 12 = -9. Let z(f) be the second derivative of 0 - h*f + 7/2*f**2 - 1/12*f**4 + 1/2*f**3. Give z(5).
-3
Let m(z) = z**3 + 12*z**2 + 10*z - 93. Let l be m(-10). Let k(f) = -3*f - 2. What is k(l)?
-23
Let k(y) = y**2 + 7*y + 8. Suppose -v - 33 + 19 = 0. Let b = 8 + v. Give k(b).
2
Let y(p) = 2*p + 2*p + 91 + p**2 - 84. What is y(-5)?
12
Let w(u) be the second derivative of -u**5/20 + u**4/12 - u**3/6 + u**2 + 165*u. Give w(0).
2
Let y be (-560)/(-168) + 2/3. Let l(g) = g**2 + 0*g + 5*g - 3*g**2 - 6. Determine l(y).
-18
Let o be 3 - (-52 - (-3)/(-3)). Let s = o + -54. Let q(j) = j**3 + 2*j**2 - 3*j + 1. Determine q(s).
11
Let d(l) = -l + 12. Let r be (48/(-40))/(3/(-20)). Determine d(r).
4
Let v(r) be the second derivative of r**4/12 - r**3 - r**2 + 73*r. Calculate v(8).
14
Let g(p) = 6*p**2 + 192874 + 2*p - 192875 - 24*p**2. Suppose -4*o - 2*y = 6, -2*y - 8 = 3*o - o. Calculate g(o).
-17
Let x(p) = -2*p**3 - p**2 - 2*p - 1. Suppose -3*l + 11 = -7. Let j be (2 + -2)*(-6)/12. Suppose 4*v + 3*w + 0*w + 7 = j, 0 = 4*v + 2*w + l. Determine x(v).
2
Let l(m) = m**2 + 2*m + 5 - 8 + 7 - 5. Suppose -5*o + 2 = 3*g - 2, -2*o + 14 = -5*g. Calculate l(g).
-1
Suppose 6 = 4*p - p. Let w(o) = 9*o + 20. Let i(r) = 3*r + 7. Suppose -5*y = 4*f - 105, -5*f = -29 + 4. Let x(z) = y*i(z) - 6*w(z). Calculate x(p).
-7
Let c = -5 + 11. Let b(p) = -p - p**2 - 10*p + c*p + 4 - p. Give b(-6).
4
Let k be 3*((-42)/(-18))/(-7)*1. Let i(y) = 7*y**3 + y**2 + y. Give i(k).
-7
Let b(v) = -v**3 - 9*v**2 + v + 13. Let a(r) = 8*r**3 - 2*r**2 - 5*r - 4. Suppose k - 25 = -4*k, -4*k = n - 19. Let p be a(n). Calculate b(p).
4
Let o(u) = 20*u - 25*u - 29 + 3*u. What is o(-14)?
-1
Let g(i) = -5*i**2 - 19*i + 7. Let y be g(-4). Let h(d) be the second derivative of -1/3*d**y + 0 - 4*d + 3*d**2. Calculate h(4).
-2
Let l be -9 + 495/22 - 10. Let y(n) be the first derivative of 1/4*n**4 - n + l*n**2 - 7 - 3*n**3. Give y(8).
-9
Suppose 3*a - 81 = 12. Let j(f) = a - 4*f - 55 - 2*f + 30. What is j(4)?
-18
Let z(n) be the second derivative of n**4/6 + 8*n. Let a = 12 - -9. Let t be 6/(-9)*a/(-7). Calculate z(t).
8
Let c(x) be the first derivative of -x**4/4 + 3*x**3 - 5*x - 83. Let b be (8 - 6)*18/4. Give c(b).
-5
Let t(j) = -j**2 - 5*j - 1. Let b(i) = i**2 - 17*i + 18. Let x be b(17). Let a = -15 + 18. Suppose 3*y + x = -3*c, 8 = -a*y - 4. Give t(c).
5
Let h(b) = -2*b - 1. Let x(a) = -2*a. Let u(k) = -6*h(k) + 7*x(k). Let i be u(2). Let j(p) = 4 - 3 + 2*p - 5*p - p**i + p. What is j(-4)?
-7
Let h(p) be the second derivative of -p**5/20 - p**4/3 + 5*p**3/6 + p**2/2 - p. Suppose 5*f + a + 27 = 8, 4*f = 4*a - 44. What is h(f)?
1
Suppose -53 = 3*w + 19. Let g(t) = -t**2 - 23*t + 24. Let o be g(w). Let r(l) = -l + 8. Give r(o).
8
Let p(z) = 12*z**2 - 22*z - 4. Let n(j) = -j**2 + 2*j. Let k(q) = -10*n(q) - p(q). Calculate k(4).
-20
Let b(c) = c**3 + c**2 - 3*c - 1. Let w be (-34 - 5)/(2/10). Let m(k) = -2*k**2 - 4*k - 4. Let y be m(-2). Let j be 364/w + y/30. Calculate b(j).
1
Let y be (1 - -1)*3/6. Let x(v) = -70*v + 5*v**2 + 72*v + 2 - 6. Let a(w) = 9*w**2 + 4*w - 7. Let d(p) = 3*a(p) - 5*x(p). What is d(y)?
3
Let b(t) = -t**2 - 3*t + 1. Let h(y) = y**3 + 10*y**2 + 8*y - 17. Let d be h(-8). Let n = 40 - d. Give b(n).
-27
Let b(w) = -7*w + 18. Let x(s) = 8*s - 19. Let y(h) = 7*b(h) + 6*x(h). Determine y(17).
-5
Let o(s) = -s**2 - s + 12. Let n be o(0). Suppose 0 = -4*c - 2*v - 26, -3*c - n = v - 2*v. Let r = c - -11. Let k(m) = 2*m - 9. What is k(r)?
3
Let y be -1*(-15)/(-10)*2. Let j(i) = -9*i - 3. Let v(l) = 8*l + 2. Let a(t) = y*j(t) - 4*v(t). Give a(1).
-4
Let s = 0 + 8. Suppose s*g = 10*g - 6. Let i(c) = -g - 8*c + 5 + c**2 + 8. Calculate i(7).
3
Let m(d) = 2*d + 8. Let w(h) = h**2 + 3*h - 18. Let f be w(-6). What is m(f)?
8
Let r(o) be the third derivative of -1/24*o**4 + 0*o + 19/6*o**3 - 21*o**2 + 0. Calculate r(0).
19
Let p(f) = -f**2 - 5*f + 42. Let m be p(-10). Let n(j) = 6*j - 35. Let a(k) = k - 7. Let x(h) = 11*a(h) - 2*n(h). Give x(m).
1
Let s be -6 - (2/10 + (-144)/(-30)). Let r(x) = x**2 + 11*x - 3. Calculate r(s).
-3
Suppose 2*q + 78 = 16. Let l = -6 - 17. Let z = q - l. Let f(i) = 2*i + 10. What is f(z)?
-6
Let r(y) = y**2 + 3*y. Let t(n) = -11*n**3 - 2*n**2 + 9*n**3 - 1 + 4*n**3 - 2*n. Suppose -3 - 4 = 3*z + g, 2*g = 5*z - 3. Let j be t(z). What is r(j)?
0
Let z be (-1)/(-5) - 78/(-10). Let t be z/28 - (-24)/14. Let y(w) be the third derivative of w**5/30 - w**4/24 + w**3/6 - 2*w**2 - 100*w. Determine y(t).
7
Let n(w) be the first derivative of 4*w**2 - 1/4*w**4 - 5/3*w**3 + 7*w - 26. Give n(-6).
-5
Let l(s) be the second derivative of -1/2*s**3 + 16*s - 7/12*s**4 - 1/20*s**5 + s**2 + 0. Determine l(-6).
-16
Let k(v) be the second derivative of 5*v**3/6 - 3*v**2/2 - 252*v. Give k(-5).
-28
Let z(l) = 8*l + 5. Suppose 28 = -38*v + 10*v. Calculate z(v).
-3
Let h(c) = -2*c + 1. Suppose 0 = -4*m - 2*k + 24, 6*k = k. What is h(m)?
-11
Let t(m) = 3*m**3 - 3*m**2 + 10*m + 10. Let o(g) = g**3 - g**2 + 3*g + 3. Let z(f) = 7*o(f) - 2*t(f). What is z(2)?
7
Let j(v) = -v**2 + 8*v - 6. Let b(n) = -n**2 + 13*n + 5. Let s be (6/8)/(2/24). Suppose s + 4 = y. Let q be b(y). What is j(q)?
9
Let b be 15/(-36)*-6*(-28)/10. Let h(n) = n**2 + 7*n - 10. What is h(b)?
-10
Let f be -3 + (-6)/(-2) - 4. Let x be 1 - -2*(-2)/f. Let h(d) = d**3 + 13 + d**x + 2 + 2*d - 5 - 3*d. Determine h(0).
10
Let h(v) = v**2 - 2*v - 1. Let u be -1 + (-42)/(-8) + (-3)/(-4). Let c(p) = 2*p**2 - 4*p - 2. Let w(s) = u*h(s) - 3*c(s). What is w(4)?
-7
Suppose 137*j = 153*j + 112. Let b(h) = h**3 + 6*h**2 - 9*h - 3. Calculate b(j).
11
Let k(h) = -2*h**3 + h**2 - h - 1. Let j(v) = 3*v**3 + 4*v**2 + 2*v + 10. Let g(s) = j(s) + 2*k(s). Determ